
True
Is 20201 a composite number?
False
Is 36079 composite?
True
Is 2165 composite?
True
Is 53419 a composite number?
False
Is 52529 composite?
False
Is 49519 a prime number?
False
Is 231779 composite?
False
Is 1014287 a prime number?
True
Is 141539 a prime number?
True
Is 24809 prime?
True
Is 816513 a prime number?
False
Is 19042 composite?
True
Is 27087 prime?
False
Is 4269 prime?
False
Is 116567 a composite number?
True
Is 38953 a composite number?
False
Is 10007 a composite number?
False
Is 120418 a composite number?
True
Is 109 a composite number?
False
Is 890303 composite?
False
Is 65 a composite number?
True
Is 48299 a prime number?
True
Is 75271 prime?
False
Is 781553 composite?
True
Is 4255027 a composite number?
True
Is 1099831 prime?
False
Is 678023 a prime number?
True
Is 39323 a composite number?
False
Is 1221007 prime?
False
Is 50293 a composite number?
True
Is 5227 a prime number?
True
Is 3151 prime?
False
Is 142283 composite?
True
Is 300227 composite?
True
Is 245107 composite?
False
Is 451747 a composite number?
False
Is 15231 composite?
True
Is 6839765 a composite number?
True
Is 365683 a composite number?
False
Is 5331 prime?
False
Is 1020139 prime?
False
Is 3833 a composite number?
False
Is 232487 a composite number?
False
Is 16439 composite?
True
Is 653 a prime number?
True
Is 42263 composite?
True
Is 1228247 prime?
True
Is 3293 composite?
True
Is 11903 a prime number?
True
Is 190771 a composite number?
True
Is 55907 a prime number?
False
Is 15419 a composite number?
True
Is 2063 prime?
True
Is 35539 composite?
True
Is 232043 composite?
True
Is 16117 prime?
False
Is 1583 prime?
True
Is 129073 a prime number?
False
Is 8147 prime?
True
Is 216113 a prime number?
True
Is 206373 a prime number?
False
Is 8707 prime?
True
Is 255611 a composite number?
True
Is 71063 a prime number?
False
Is 1577813 prime?
True
Is 3593 a composite number?
False
Is 990697 a prime number?
False
Is 447253 a prime number?
False
Is 223609 a composite number?
True
Is 276007 composite?
False
Is 24749 a composite number?
False
Is 2741 a composite number?
False
Is 87823 a prime number?
False
Is 688709 composite?
True
Is 15853 prime?
False
Is 4713 a composite number?
True
Is 14821 a prime number?
True
Is 11923 prime?
True
Is 222269 a prime number?
True
Is 533609 prime?
False
Is 22229 a prime number?
True
Is 30867 composite?
True
Is 1273841 prime?
False
Is 1398911 prime?
True
Is 187981 composite?
True
Is 11129 a prime number?
False
Is 4417 prime?
False
Is 684329 composite?
False
Is 62677 a composite number?
True
Is 44353 a composite number?
True
Is 1801 a prime number?
True
Is 6109 a composite number?
True
Is 34649 a composite number?
False
Is 288919 prime?
False
Is 71761 prime?
True
Is 1834139 a prime number?
True
Is 200569 prime?
True
Is 622433 a prime number?
False
Is 2635169 composite?
True
Is 75767 prime?
True
Is 636371 a composite number?
True
Is 615893 composite?
True
Is 2521 prime?
True
Is 11989 composite?
True
Is 102283 a prime number?
False
Is 81163 composite?
False
Is 77533 prime?
False
Is 4967 a composite number?
False
Is 14047 prime?
False
Is 85 prime?
False
Is 64705 composite?
True
Is 1649 composite?
True
Is 36259 a composite number?
True
Is 127615 a prime number?
False
Is 2935 a composite number?
True
Is 52667 composite?
False
Is 17197 prime?
False
Is 6809 prime?
False
Is 6599 a composite number?
False
Is 147977 composite?
False
Is 61309 prime?
False
Is 41381 composite?
False
Is 13217 a composite number?
False
Is 262 a prime number?
False
Is 10559 a composite number?
False
Is 283669 a prime number?
True
Is 82799 a composite number?
False
Is 1260281 a composite number?
True
Is 19367 a prime number?
False
Is 1241699 prime?
True
Is 841 prime?
False
Is 13259 prime?
True
Is 9803 a prime number?
True
Is 201413 a composite number?
False
Is 139798 prime?
False
Is 414881 a composite number?
True
Is 74561 a composite number?
False
Is 2621 composite?
False
Is 33947 a prime number?
False
Is 2463 prime?
False
Is 57359 composite?
True
Is 175039 composite?
False
Is 2503 a composite number?
False
Is 120254 prime?
False
Is 1688543 composite?
False
Is 18839 prime?
True
Is 38219 a composite number?
False
Is 171111 composite?
True
Is 8501 composite?
False
Is 9851 prime?
True
Is 7261 prime?
False
Is 132443 prime?
False
Is 831449 a prime number?
False
Is 521113 prime?
False
Is 463339 a composite number?
False
Is 166733 a prime number?
False
Is 143159 prime?
True
Is 228169 a composite number?
True
Is 730187 prime?
True
Is 266333 a composite number?
False
Is 1337 a prime number?
False
Is 2787 composite?
True
Is 17881 a prime number?
True
Is 12953 a prime number?
True
Is 672731 composite?
True
Is 11113 prime?
True
Is 3983 a prime number?
False
Is 7963 a prime number?
True
Is 282526 a prime number?
False
Is 360007 a composite number?
False
Is 5147 a prime number?
True
Is 20759 a prime number?
True
Is 1407027 prime?
False
Is 177689 composite?
True
Is 394861 prime?
True
Is 3455 a prime number?
False
Is 30211 a composite number?
False
Is 727817 composite?
False
Is 231011 composite?
True
Is 434783 prime?
True
Is 30689 prime?
True
Is 175103 composite?
False
Is 651127 prime?
True
Is 5167 a composite number?
False
Is 80813 prime?
False
Is 10033 a composite number?
True
Is 70743 prime?
False
Is 100267 a prime number?
True
Is 15193 prime?
True
Is 17693 a composite number?
True
Is 11113 composite?
False
Is 12689 prime?
True
Is 78133 composite?
True
Is 882169 a composite number?
False
Is 1861 a composite number?
False
Is 3223 composite?
True
Is 5227 prime?
True
Is 104623 a composite number?
False
Is 3483053 a composite number?
True
Is 1571 a composite number?
False
Is 66349 a prime number?
False
Is 732373 prime?
True
Is 993 prime?
False
Is 1622883 prime?
False
Is 673 a prime number?
True
Is 24889 a prime number?
True
Is 67087 a prime number?
False
Is 1543 prime?
True
Is 79 a composite number?
False
Is 30917 prime?
False
Is 2159 prime?
False
Is 117959 prime?
True
Is 213359 a composite number?
False
Is 3085 a prime number?
False
Is 2935 composite?
True
Is 17035 composite?
True
Is 993 composite?
True
Is 1247457 a prime number?
False
Is 243301 composite?
False
Is 113845 composite?
True
Is 17723 a composite number?
True
Is 202643 prime?
False
Is 9131 a prime number?
False
Is 286241 a composite number?
True
Is 142939 prime?
True
Is 9031 a composite number?
True
Is 315371 a composite number?
True
Is 482293 prime?
False
Is 447 a prime number?
False
Is 29105 composite?
True
Is 2327 a composite number?
True
Is 83957 a composite number?
True
Is 3149 prime?
False
Is 91619 a composite number?
True
Is 89041 composite?
False
Is 18817 a composite number?
True
Is 1266169 a prime number?
False
Is 288406 a composite number?
True
Is 725939 a composite number?
False
Is 54658 a composite number?
True
Is 1502587 prime?
False
Is 351257 prime?
True
Is 8779 prime?
True
Is 1541 composite?
True
Is 580181 composite?
True
Is 10705 a prime number?
False
Is 609571 prime?
True
Is 56741 prime?
False
Is 363431 prime?
True
Is 213181 a composite number?
False
Is 1993829 a composite number?
False
Is 199657 prime?
True
Is 12251 a prime number?
True
Is 37463 composite?
False
Is 4441 composite?
False
Is 39709 prime?
True
Is 1693 prime?
True
Is 99763 composite?
True
Is 7909 composite?
True
Is 8461 a prime number?
True
Is 317671 a prime number?
True
Is 1739 a composite number?
True
Is 21799 a prime number?
True
Is 25013 prime?
True
Is 232313 a composite number?
True
Is 2743 prime?
False
Is 17606 composite?
True
Is 12373 a composite number?
False
Is 11665 a composite number?
True
Is 251513 a prime number?
True
Is 25219 a prime number?
True
Is 20219 prime?
True
Is 72057 composite?
True
Is 4981 composite?
True
Is 2594 composite?
True
Is 12199 a prime number?
False
Is 2236633 a composite number?
True
Is 10669 prime?
False
Is 24071 a composite number?
False
Is 1509842 composite?
True
Is 15983 prime?
False
Is 34537 composite?
False
Is 637671 a composite number?
True
Is 806753 composite?
True
Is 149 a prime number?
True
Is 30631 a composite number?
False
Is 1493963 prime?
True
Is 16843 prime?
True
Is 56177 prime?
False
Is 73277 prime?
True
Is 5489 prime?
False
Is 26459 prime?
True
Is 1519547 composite?
False
Is 1477 a compos